{"id":42802,"date":"2026-03-10T13:18:44","date_gmt":"2026-03-10T17:18:44","guid":{"rendered":"https:\/\/www.ice-dance.com\/site\/?page_id=42802"},"modified":"2026-03-10T13:18:44","modified_gmt":"2026-03-10T17:18:44","slug":"finnstep","status":"publish","type":"page","link":"https:\/\/www.ice-dance.com\/site\/reference\/pattern-dance-charts-descriptions\/finnstep\/","title":{"rendered":"Finnstep"},"content":{"rendered":"\n<p>Music \u2013 Quickstep 2\/4<br>Tempo \u2013 52 measures of 2 beats per minute<br>\u2013 104 beats per minute<br>Pattern \u2013 Optional<br>Duration \u2013 The time required to skate 2 sequences is 1:16 min.<br><a href=\"https:\/\/www.ice-dance.com\/site\/wp-content\/uploads\/2010\/04\/Finnstep.pdf\"><br>Patterns, Step Charts &amp; Additional Information<\/a><\/p>\n\n\n\n<p>The Finnstep is a fun, fast dance. The best way to describe it is that it resembles \u201csparkling champagne\u201d. It is a ballroom type Quickstep, and should be danced very lightly, so to speak \u201cover-the-top\u201d. This dance is not serious, so it can even be performed a bit comically. Polka\/Folklore character should be avoided.<\/p>\n\n\n\n<p>It requires very crisp and tidy timing as well as footwork. The timing is the most important characteristic of the dance and lack of crisp and clean timing and character, should be penalized severely. The accent should always be at the beginning of the beat \u2013 not just on the beat. By skating the steps at the beginning of the beat, the couple achieves the required lightness. This dance measures the musicality of the couples.<\/p>\n\n\n\n<p>The posture should be very upright, almost stiff throughout the dance. It is essential to skate the longer steps with strong, well rounded, deep edges to contrast with the crisp light steps, toe steps and hops (small jumps without rotation) found throughout the dance! Just skating the steps is not enough. It is how the steps are executed and what is \u201csaid and expressed\u201d with the technique that is important, not the technique in itself. The technique is only a tool for expression which must be strong!<\/p>\n\n\n\n<p>1. The Promenade Section<br>The Promenade Section sets up the character of the dance. Accurate and crisp timing with emphasis on the upbeats as well as the \u201cand\u201d-beats is crucial for a successful performance here. The first part of this section is skated in open hold on a straight line across the rink, with light hops and upright style to resemble a typical ballroom Quickstep. The lady\u2019s twizzle of 1 \u00bd rotations (her step 12) needs to be very fast. At the conclusion of her twizzle, the couple skates steps 13-18 in partial outside hold (like the Viennese opening steps), before moving to outside hold on step 19. Good, clean free-leg action is also to be valued throughout this part. The \u201chop-moves\u201d need to be executed in complete unison using only the legs and knees, not the upper body. Holds and positions need to be elegant, upright, levelled, the upper body lifted erect and almost stiff.<\/p>\n\n\n\n<p>2. Turn, Twizzle and Stop Section<br>This section needs to be skated with controlled, deep, nicely flowing edges without losing the character and the rhythm of the dance. After the simultaneous twizzles (step 21) the partners are face-to- face, clasping left hands, with their right arms extended to the side and a little higher than shoulder level. The exit edge of step 21 (RBI for man; RFO for lady) needs to be well controlled with the free legs stretched behind. On step23 the partners move into open hold. During the leg swing, in preparation for the swing closed choctaw (step 32), the lady moves ahead under the man\u2019s left arm to hand in hand, with arms bent. On step 33a the man skates an open RBI mohawk, while the lady starts her step 33 on an RBI followed by her change of edge in preparation for their second set of simultaneous twizzles (his step 33c while she continues her step 33). The couple passes through waltz hold, then the lady\u2019s left arm briefly touches the man\u2019s back. The man\u2019s left hand holds the lady\u2019s right during the twizzle. After turning their twizzles (1 rotation for the man; 1\u00bd for the lady), the couple slides into a stop in Kilian with both of their arms extended to the side and their hands clasped in a \u201cbutterfly\u201d hold, and with their free legs extended to the side.<\/p>\n\n\n\n<p>Steps 34-42 are performed on the spot (shown as stationary steps on the diagrams). These character toe steps should be executed with light feet and crisp timing. Good clean free leg action with the free legs held at at least 45\u00b0 angles is essential. During the toe steps the couple moves into partial outsidehold . The pendular movement of the free leg moves slowly from side to back. On steps 34, 35, and 36 there is pendular movement of the free leg as it moves slowly from side to back coup\u00e9e. On step 38 the free leg is extended to the front, in back coup\u00e9e on step 39, extended to the front on step 40, in back coup\u00e9e again on step 41. They conclude the stationary section on step 42 on their toepicks with both feet close together.<\/p>\n\n\n\n<p>3. Crossing Paths (changing sides) Section<br>To achieve the dynamics of performing this section of the dance the couple needs to accelerate,<br>creating a clear crescendo. The pattern is permitted to \u201cbacktrack\u201d after the stop to enable the couple to have room to complete the pattern and achieve the correct restart The section starts on Step 43 with a Hop forward landing on the left foot. Steps 46, 47, and 48 should be executed with the free leg bending back 90\u00b0, knees parallel and steps lightly hopped. . In the crossing paths section it is important that steps 52 &amp; 58 for the lady and 51b and 58 for the man are skated with a good edge across ice to enable the passing by of the couple (so that the couple \u201czig zag\u201d). The changing of sides on steps 54 &amp; 61 should be done lightly, with good, matching knee action, however Polka\/folk dance character should be avoided. The many hold and position changes throughout this section should be done effortlessly, with ease. The cross behind closed Choctaw (step 64) must be skated with clean and deep edges to enable tight, simultaneous Twizzles just before the re-start. A poor execution of the Choctaw and Twizzle will lead to difficulties for the re-start and poor character of the 1st part of the dance.<\/p>\n\n\n\n<p>Summary<br>Dance is a means of expression. If the execution of this dance does not evoke feelings in the audience, even if it were technically correct and clean, it would not be a successful performance. The dance must be as much fun to watch as it is to dance. Otherwise the performers should not be rewarded with good marks.<br><br>Inventors \u2013 Susanna Rahkamo and Petri Kokko with Martin Skotnicky<br>First Performance \u2013 European Championships 1995 Dortmund Germany<br>Adaptation to Compulsory Dance \u2013 The inventors were assisted by Kati Winkler, Ren\u00e9 Lohse<\/p><p><\/p>\n","protected":false},"excerpt":{"rendered":"<p>Music \u2013 Quickstep 2\/4Tempo \u2013 52 measures of 2 beats per minute\u2013 104 beats per minutePattern \u2013 OptionalDuration \u2013 The time required to skate 2 sequences is 1:16 min.Patterns, Step [&hellip;]<\/p>\n","protected":false},"author":1,"featured_media":0,"parent":34245,"menu_order":0,"comment_status":"closed","ping_status":"closed","template":"","meta":{"_et_pb_use_builder":"","_et_pb_old_content":"","_et_gb_content_width":"","_gspb_post_css":"","_uag_custom_page_level_css":"","_themeisle_gutenberg_block_has_review":false,"footnotes":"","_links_to":"","_links_to_target":""},"class_list":["post-42802","page","type-page","status-publish","hentry"],"blocksy_meta":[],"uagb_featured_image_src":{"full":false,"thumbnail":false,"medium":false,"medium_large":false,"large":false,"1536x1536":false,"2048x2048":false,"et-pb-post-main-image":false,"et-pb-post-main-image-fullwidth":false,"et-pb-portfolio-image":false,"et-pb-portfolio-module-image":false,"et-pb-portfolio-image-single":false,"et-pb-gallery-module-image-portrait":false,"rpwe-thumbnail":false},"uagb_author_info":{"display_name":"Team IDC","author_link":"https:\/\/www.ice-dance.com\/site\/author\/idcadmin\/"},"uagb_comment_info":0,"uagb_excerpt":"Music \u2013 Quickstep 2\/4Tempo \u2013 52 measures of 2 beats per minute\u2013 104 beats per minutePattern \u2013 OptionalDuration \u2013 The time required to skate 2 sequences is 1:16 min.Patterns, Step [&hellip;]","jetpack_shortlink":"https:\/\/wp.me\/P7GOSM-b8m","jetpack_sharing_enabled":true,"_links":{"self":[{"href":"https:\/\/www.ice-dance.com\/site\/wp-json\/wp\/v2\/pages\/42802","targetHints":{"allow":["GET"]}}],"collection":[{"href":"https:\/\/www.ice-dance.com\/site\/wp-json\/wp\/v2\/pages"}],"about":[{"href":"https:\/\/www.ice-dance.com\/site\/wp-json\/wp\/v2\/types\/page"}],"author":[{"embeddable":true,"href":"https:\/\/www.ice-dance.com\/site\/wp-json\/wp\/v2\/users\/1"}],"replies":[{"embeddable":true,"href":"https:\/\/www.ice-dance.com\/site\/wp-json\/wp\/v2\/comments?post=42802"}],"version-history":[{"count":1,"href":"https:\/\/www.ice-dance.com\/site\/wp-json\/wp\/v2\/pages\/42802\/revisions"}],"predecessor-version":[{"id":42803,"href":"https:\/\/www.ice-dance.com\/site\/wp-json\/wp\/v2\/pages\/42802\/revisions\/42803"}],"up":[{"embeddable":true,"href":"https:\/\/www.ice-dance.com\/site\/wp-json\/wp\/v2\/pages\/34245"}],"wp:attachment":[{"href":"https:\/\/www.ice-dance.com\/site\/wp-json\/wp\/v2\/media?parent=42802"}],"curies":[{"name":"wp","href":"https:\/\/api.w.org\/{rel}","templated":true}]}}